 y(w) = -w**2 + 7*w - 8. Calculate y(n).
-2
Let x(q) = -q**2 - 5*q + 6. Let s be (-2)/11 + ((-15360)/165)/16. Determine x(s).
0
Let h be -5*(7 - 80/10). Let j(m) = -m**2 + 2*m + 4. Determine j(h).
-11
Let q(f) = -3*f**2. Suppose 9*i - 13*i = -4. What is q(i)?
-3
Let v(p) = -p**3 + 12*p**2 - 7*p. Let l(t) = -2*t**3 + 23*t**2 - 14*t. Let s(d) = -4*l(d) + 7*v(d). Suppose 113 = -9*g + 176. Determine s(g).
0
Let a be 30/8 + 10/40. Let i(r) = 0*r**2 - 21*r + 2 - 9 + 5*r**2 - a. Let h(v) = 3*v**2 - 11*v - 6. Let z(w) = 7*h(w) - 4*i(w). What is z(-5)?
-8
Let h = 13/4 - 11/12. Let s(w) be the first derivative of -1/4*w**4 - h*w**3 - 3*w - 5/2*w**2 - 4. Determine s(-6).
-9
Let b(a) = 11*a + 6. Let c(j) = -660*j - 363. Let m(p) = -121*b(p) - 2*c(p). Give m(1).
-11
Let d(v) = -v**2. Let r = -49 + 52. What is d(r)?
-9
Suppose 0 = -0*s - 3*s - 12. Let g = -21 + 18. Let i(u) = -4*u**2 - 5*u + 3. Let m(r) = 5*r**2 + 6*r - 4. Let a(b) = g*m(b) - 4*i(b). Determine a(s).
8
Let n(s) = -s + 2. Let t(u) = 40*u + 5. Let z be t(0). Give n(z).
-3
Let m(f) = -f**3 - f**2 - 1. Let w(u) = -5*u**3 + 13*u**2 - 2*u + 29. Let x(o) = -4*m(o) + w(o). What is x(17)?
-1
Let x = 17 + -23. Let w(t) be the second derivative of 1/20*t**5 + 7/6*t**3 + 7/2*t**2 + 7/12*t**4 + 0 + 2*t. Calculate w(x).
1
Let c(y) = -y - 5. Let d be c(-5). Let x(z) be the third derivative of -2*z**2 + 1/2*z**3 + d + 1/24*z**4 + 0*z. What is x(5)?
8
Let i(t) = t**2 - 1. Let m(p) = p - 3. Let x(k) = -k**3 + 5*k**2 - 3*k. Let f be x(4). Let z be m(f). Suppose 5 + z = -3*q. Calculate i(q).
3
Let d(m) = 6*m**2 + 22*m + 35. Let i(h) = -2*h**2 - 6*h - 11. Let u(p) = 2*d(p) + 7*i(p). Calculate u(2).
-11
Let g = -769/3 - -773/3. Let x(m) be the first derivative of 3*m - 1/4*m**4 + 5 + g*m**3 - m**2. Determine x(3).
6
Let g(x) be the third derivative of -10*x**2 + 1/10*x**5 + 0*x - 1/6*x**3 - 1/120*x**6 + 0 - 1/8*x**4. Determine g(6).
-19
Let g(l) = -l**3 - 7*l**2 + 17*l - 5. Let u be g(-9). Suppose -u*d - 5*a - 49 = 0, d + 16 = 4*a - 6*a. Let k(r) = -r**2 - 3*r + 8. Determine k(d).
-10
Let g(l) = l**3 + 6*l**2 + 6*l + 7. Let k be g(-5). Suppose -5*s - 7*p = -2*p + 10, 6 = s - p. Let u(x) = s*x**2 + 5 + 8*x - 3*x**k + 6 - 2. Calculate u(9).
0
Let k(v) = v + 41. Let y(t) = 3*t + 86. Let b(x) = -9*k(x) + 4*y(x). Give b(6).
-7
Suppose 34*a = 42*a + 16. Let s(p) = -4*p - 2. Calculate s(a).
6
Let f(p) = 2*p - 2. Suppose -16*v + 6 = -26. Give f(v).
2
Let u be 0/(4/((-4)/(-1))). Let s(h) = h - h + 6*h + u*h. Let j(v) = v - 3. Let i be j(4). What is s(i)?
6
Let q(l) = 23 - 35 - 1 + 29 + 32 - 9*l. Determine q(5).
3
Let d(r) = -11*r**2 + r - 3. Let u(y) = -13*y**2 + y - 3. Let s(m) = 7*d(m) - 6*u(m). Determine s(-2).
-1
Let p(d) = 5 + 9*d + 0*d - 6*d - 3*d - d. Suppose x = -3*z + 3, 2*x - 2 - 7 = -3*z. Determine p(x).
-1
Let n(x) be the third derivative of -5*x**4/24 - 3*x**2. Let k = -9 - -1. Let i = -7 - k. Calculate n(i).
-5
Let x(r) = -r**2 - 5*r + 7. Let z be -1 - (1715/392 + 3/(-8)). Give x(z).
7
Let r(w) be the third derivative of -w**3/6 - 7*w**2. Let c(j) = -j + 7. Let f(p) = c(p) + 3*r(p). Calculate f(7).
-3
Let u(x) = x**3 - 6*x**2 - x + 10. Let t(j) = -j**3 + 7*j**2 + j - 11. Let i(d) = -5*t(d) - 6*u(d). Let a(h) = -h + 7. Let l be a(7). Give i(l).
-5
Let t(p) be the third derivative of p**5/60 + 7*p**4/8 + 25*p**3/6 - 209*p**2. Give t(-20).
5
Let x(n) = -n**3 - 7*n**2 - n - 4. Let h be x(-7). Let m(b) = -b**3 - 3*b**h - 5*b + 4*b + 3*b**3. Let l be -2 + 2 + (-2)/1. Determine m(l).
10
Let y(w) = 4*w**2 + 27*w + 22. Let v(t) = t**2 + 9*t + 7. Let z(r) = 7*v(r) - 2*y(r). Calculate z(10).
-5
Let w(v) = -v + 2. Let l be (-20)/(-8)*6/(-5). Let q be w(l). Let d(s) = -s**2 + 4*s + 4. Let p be d(q). Let i(m) = -2*m**2 + m. What is i(p)?
-3
Let b(f) = -2*f. Suppose -41*i - 10 = -43*i. Suppose -i*m = -2*z - 11, 4*z + 2 = -3*m - 7. What is b(z)?
6
Let a be (1 + -2 - 2) + 5. Let c(d) = -d**3 - 60*d + d**2 - d**a + 1 + 61*d. Let u(p) = -4*p**3 + 4*p**2 + 10*p - 2. Let q(k) = -3*c(k) + u(k). Calculate q(5).
5
Let j(g) be the second derivative of 1/2*g**3 + 2*g**2 + 10*g - 1/6*g**4 + 0. Give j(3).
-5
Let x(i) be the first derivative of -i**3/3 + 7*i**2/2 + 11*i - 68. What is x(7)?
11
Let g(z) = 239*z - 3. Let w(s) = 287*s - 4. Let n(k) = -6*g(k) + 5*w(k). Suppose j - 6*j - 10 = 0. Determine n(j).
-4
Let w(v) = 11 + 3*v**2 - 2*v**2 - 40*v + 67*v - 2*v**2 - 36*v. Suppose -4*l - 25 = 7. Determine w(l).
19
Let m(y) be the third derivative of -y**4/24 + y**3 - 2*y**2. Suppose -c = 2*c - 15. Suppose 0 = -37*q + 36*q + c. Give m(q).
1
Let t(v) = v**3 - 6*v**2 + 20. Let m be t(5). Let x(z) = z**3 + 3*z**2 - 4*z + 3. Give x(m).
-27
Let k be ((-4)/(-5))/(8/220). Let r = 12 - k. Let h be (12/(-5))/(r/25). Let m(o) = o**2 - 6*o. Determine m(h).
0
Let a = 26 + -38. Let w be (-3)/2*a/18. Let x(t) = t + 3*t - t + w. Give x(-4).
-11
Let j(t) be the first derivative of t**4/4 + 8*t**3/3 - 9*t**2/2 - 12*t + 107. Calculate j(-9).
-12
Let a = 1507 + -1510. Let r(j) = -5 + 4*j + 3 - 6*j. Determine r(a).
4
Let n(l) = 7*l**3 - 4*l**2 - 13*l - 10. Let y(i) = i**3 - 2*i - 1. Let a(c) = n(c) - 6*y(c). What is a(4)?
-8
Let t(h) = h**3 + 11*h**2 + 2*h - 2. Let d be (-4)/2*(-627)/(-114). Determine t(d).
-24
Let i(h) = 13*h + 4. Suppose -3*q - 2 = -4*q. Let z(w) = -3*w - 1. Let v(g) = q*i(g) + 9*z(g). Give v(-6).
5
Let r(k) be the third derivative of k**8/20160 - k**7/1260 - 23*k**5/60 + 2*k**2. Let y(w) be the third derivative of r(w). Determine y(6).
12
Let p(o) = -o**2 + 12*o - 4. Let a(z) = z**2 - 14*z + 3. Let y(v) = -2*a(v) - 3*p(v). Determine y(7).
-1
Suppose 8*j = -141*j + j. Let l(k) = -3*k - k + 5*k - 13. What is l(j)?
-13
Let q(f) = -5 - 17*f + 11*f + 4 - 2 + 7*f. Calculate q(9).
6
Let c(s) = s**3 + 2*s**2 - s. Let t(x) = -5*x**3 - 6*x**2 + 4*x + 1. Let r(v) = 7*c(v) + 2*t(v). What is r(2)?
-12
Let n(g) = -20*g**2 - 6*g**2 + 22*g**2. Calculate n(-2).
-16
Let r(p) = 0 + 12*p - 2 + 3 - 13*p. Let q(l) = -5*l + 7. Suppose 5*g - 2 = 3*g. Let n(t) = g*q(t) - 4*r(t). Determine n(4).
-1
Let y be (-8)/(-3) + (-2)/3. Let q(h) be the first derivative of -h**4/6 + h**3/2 + 3*h**2/2 + 11. Let j(o) be the second derivative of q(o). What is j(y)?
-5
Let b(h) be the second derivative of h**5/20 - h**4/3 + h**3/2 + h**2/2 + 2*h. Suppose -4*k + 174 = 162. Give b(k).
1
Let q(g) = 1 - 6*g + g**3 + 340*g**2 + 1 - 336*g**2. Give q(-5).
7
Let i(f) = 4*f + 2. Suppose 2*g = -2*a + 10, 8*g = 7*g - 3. What is i(a)?
34
Let z(u) be the second derivative of u**4/12 + 13*u**3/6 + 8*u**2 - 166*u. Calculate z(-11).
-6
Let w be 1 + (7 - (5 - -6)). Let f(b) = -10*b + 2. Calculate f(w).
32
Let x be (3 - 4)/(7/(-49)). Let s(h) = h - 9. Calculate s(x).
-2
Let l be (-4)/(-14) + 54/7. Let i(r) = r**3 + 0 - 5*r - 2*r + 8 + l*r. Give i(0).
8
Let i(n) be the third derivative of n**5/120 + n**4/6 - n**3/2 - n**2. Let l(o) be the first derivative of i(o). What is l(7)?
11
Let h(y) = -5*y**2 - 13*y + 7. Let u(z) = 14*z**2 + 38*z - 21. Let p(c) = 17*h(c) + 6*u(c). Determine p(7).
-7
Let h(o) = 5*o**2 - 3*o - 27. Let a(p) = 2404 + 3*p - 4*p + 2*p**2 - 2413. Let j(g) = -8*a(g) + 3*h(g). Calculate j(0).
-9
Let t(c) = c - 18. Let b(g) = -18*g - 72. Let x be b(-4). Determine t(x).
-18
Let s(k) = 4 + 1 - 24*k**2 + 64*k**2 - 25*k**2 - 16*k**2. What is s(0)?
5
Suppose -5*i + 13 - 3 = 0. Let y(t) = 2*t - 5. Give y(i).
-1
Let y(f) = -2*f**2 + f + 1. Let w(s) = s. Let a(i) = w(i) - y(i). Calculate a(-1).
1
Let t(c) = 6*c**2 - 3 - 4*c**3 - c**3 + 7 + 4*c**3 + 2*c. Give t(5).
39
Let s(r) = 2*r**2 - 3*r - 11. Let i(l) = 3*l**2 - 4*l - 13. Let d = 186 + -192. Let h(b) = d*s(b) + 5*i(b). Let o = 2 - 0. What is h(o)?
9
Let h(m) = -m**3 + 21*m**2 - 23*m + 56. Suppose -n - 5*w + 30 = 0, -2*n + w + 2 = -36. Calculate h(n).
-4
Let a = -19 - -13. Let w be -2 - 4*(-3 - -2). Let z(r) = 8*r**w + 6*r - 3 - 3 - 7*r**2. Calculate z(a).
-6
Let s(c) = c**2 + 4*c - c - 2*c. Let j(w) = -3 - w + 1 + 3*w**3 - 2*w**3 + 3. Let l be j(1). Determine s(l).
2
Suppose q - 4*i - 9 = 0, 2*q + 2 = -2*i + 5*i. Let j(t) = t**3 + 7*t**2 - 2*t - 21. Calculate j(q).
-7
Let z(h) be the third derivative of -h**5/60 - h**4/12 + h**3/2 + 23*h**2. Give z(-5).
-12
Let j be 28/8 - (-6)/4. Let i(q) = q**3 - 5*q**2 + 6. What is i(j)?
6
Let o(y)